 a = 29 + -15. Let t(l) = -25*l - 1. Let k be t(-9). Calculate the highest common divisor of k and a.
14
Suppose 0 = 12*k - 15*k + 6. Suppose -j = k*y + 2*j + 4, 5*y - 3*j - 32 = 0. Let i be 0 + 4*(-5)/(-10). Calculate the greatest common factor of i and y.
2
Let d(j) = -3*j**2 + 60*j + 36. Let q be d(17). Calculate the greatest common factor of q and 14.
7
Let c(a) = -a**3 + 23*a**2 + 61*a - 738. Let d be c(24). What is the greatest common factor of d and 16050?
150
Let m(d) = -d**3 + 3*d. Let z be m(0). Suppose 0 = 4*h + 5*i - 807, z*h + h + 4*i - 188 = 0. What is the greatest common factor of 13 and h?
13
Suppose 9*r + 6 = 7*r - 2*v, -4*r + 3 = -v. Suppose -4 = -2*u - r*w - w, -3*u = 3*w - 6. What is the greatest common factor of 22 and u?
2
Let v(d) = -5*d + 2*d**2 - 636 - 639 + 1279. Let w be v(3). Calculate the greatest common factor of w and 98.
7
Let s(b) = 2*b + 137. Let t be s(-14). Suppose t - 265 = -2*f. What is the greatest common factor of 39 and f?
39
Let g be (-22)/(-33) - (32/(-6) - -1). Suppose 10 = 2*i, 5*u - u + g*i = 637. What is the greatest common divisor of 9 and u?
9
Let o(v) = -79*v - 66. Let s be o(-2). Suppose y - 6 = 5. Suppose u + y - 34 = 0. Calculate the greatest common factor of s and u.
23
Suppose 3*x + 24 = 2*b, 4*b - 39*x + 41*x - 16 = 0. Suppose -312 = 4*y - 8*y. What is the highest common factor of y and b?
6
Suppose 35*c = z + 34*c - 1554, -4688 = -3*z + 16*c. What is the greatest common factor of z and 97?
97
Let g be 2884/52 + 168/(-364). What is the greatest common divisor of 671 and g?
11
Suppose 3*q - 45 - 165 = 0. Let x = 12 + 1. Suppose 10*j + x = 293. Calculate the greatest common factor of j and q.
14
Suppose 5*v = -0*v. Suppose 122 = 2*g + 5*y, -10*g + 8*g - 2*y + 134 = v. Suppose 0 = 4*h - g - 81. Calculate the highest common divisor of h and 19.
19
Suppose o = h - 3*o - 34, -4*o - 16 = 0. Suppose 4*c = -12*c - 576. Let q be 24/13 + c/(-234). Calculate the greatest common divisor of q and h.
2
Suppose 25 = 5*l - x, -7*l = -12*l + 2*x + 30. Let q = -22 + 41. Let i = q + 1. Calculate the highest common factor of i and l.
4
Let s(o) = -9*o - 444. Let a be s(-50). Suppose -3 = -0*r - r. Suppose 0*z + r*z = 3*t - 24, -2*z + 2 = 0. Calculate the highest common divisor of a and t.
3
Suppose y = -z + 2, -17*y - 5*z = -22*y - 10. Suppose -k = -5*k + 4*s + 208, 4*k - s - 220 = y. Calculate the greatest common factor of 392 and k.
56
Suppose l + 9*z = 6*z + 72, -3*z + 228 = 3*l. What is the greatest common factor of 66 and l?
6
Let l(v) = 2*v**2 - 7*v - 11. Suppose 1 = 4*s - 19. Let t be l(s). Let p be 1199/33 - (-1)/(-3). What is the highest common factor of p and t?
4
Suppose -945 - 124 = -28*x + 1647. Calculate the highest common divisor of x and 33659.
97
Let r(c) = -19310*c + 44. Let a be r(-2). What is the greatest common divisor of a and 216?
216
Let y be 7 - (-6 - (15/(-5) - -3)/(-1)). Suppose -3*q - 3*n + 228 = 0, n + n = -5*q + 386. Calculate the highest common factor of q and y.
13
Let z(m) be the first derivative of m**4/4 - 2*m**3/3 + 2*m - 17. Let a be z(2). Let b be 1 + (1056/4)/a. Calculate the greatest common divisor of b and 19.
19
Suppose 3*r - 31 = 2*i, 32 = 13*i - 14*i - 4*r. Let m be (-1152)/(-60) + 24/i. Calculate the greatest common divisor of 261 and m.
9
Let s = 401 + -271. Suppose -3*r + 770 = 2*j, -3*r + 540 = -r - 4*j. Suppose 0 = -4*z + 9*z - r. Calculate the greatest common factor of s and z.
26
Let u(s) = -13*s + 65. Let c be u(5). Suppose 2*v - 4*t - 378 = c, -3*v + 567 = -6*t + 9*t. What is the highest common divisor of 54 and v?
27
Let n be 4 - (1/1 + 0). Suppose -n*o + 9 = -0. Suppose i - 5*t - o = 0, 4*i + 2*t - 4*t - 102 = 0. Calculate the greatest common divisor of i and 56.
28
Let w(t) = -15 + 34 - 24 + 22*t + 121. Let a be w(20). Calculate the greatest common factor of a and 4.
4
Suppose -4 = -5*u + 86. Let j be ((u/(-2))/(-1))/(15/15). Suppose 0 = c + j*c - 130. Calculate the highest common divisor of 104 and c.
13
Suppose s = -3*d + 223, 2*d - 229 = -d + 2*s. Calculate the greatest common divisor of d and 141.
3
Suppose -10*n + 2764 = -3416. What is the highest common factor of n and 12?
6
Let c = 143 - 130. Suppose -5*z + 389 = -2*b - 123, 0 = -2*b + 8. What is the highest common factor of c and z?
13
Suppose -104*g + 480 = -56*g. What is the highest common factor of 50 and g?
10
Let y = 28359 - 25519. Calculate the highest common divisor of 923 and y.
71
Let d(k) be the first derivative of -k**4/4 + 8*k**3/3 - 23*k - 2. Let n be d(5). Calculate the greatest common factor of n and 416.
52
Suppose 16*s - 28*s + 24 = 0. Let u be 3*s + (-41 - -170). Calculate the highest common factor of u and 54.
27
Let m = -2871 - -3156. What is the greatest common factor of 741 and m?
57
Let z be 3210 - (7 + -8)*9. What is the greatest common factor of z and 29?
29
Let z(j) = 3*j**2 - 49*j - 5. Suppose 119 = -n + 8*n. Let w be z(n). Calculate the greatest common divisor of 377 and w.
29
Let i be (-3)/(-6) + 57/(-6). Let z(a) = a**2 + 35*a + 29. Let u be z(-34). Let l be ((-230)/u)/(-3*6/i). What is the highest common factor of l and 23?
23
Let q(r) = -3*r**3 + 2*r**2 + 13*r + 27. Let z be q(-12). Calculate the greatest common factor of z and 26.
13
Let h = 104 + -101. Suppose 3*k + 3*n = 4788, h*n + 0 + 12 = 0. What is the greatest common factor of 100 and k?
100
Suppose -2*b + 599 + 448 - 227 = 0. What is the highest common divisor of b and 50?
10
Let z(c) = -2*c**3 - 3*c**2 + 3*c + 4. Let o be z(-4). Suppose -12*v + 141 = -63. Suppose -v*s = 3*s - 480. Calculate the greatest common factor of o and s.
24
Let h(v) = -18*v**2 - 91*v + 31. Let t be h(-5). What is the greatest common divisor of 279 and t?
9
Let a be (1 - 18/45) + 247/5. Let r be (-1 + a/15)*108. Calculate the highest common divisor of 36 and r.
36
Suppose 0 = -2*j + 1 + 7, c - j = -41. Let o = -21 - c. Let t be (-1 + (-6)/(-10))/(o/(-240)). Calculate the greatest common factor of t and 54.
6
Suppose 2914 = 3*y + 10*y + 1094. Let g be (1 + 0 + 1)*10. What is the highest common factor of g and y?
20
Suppose 0 = 3*s - 2*s + 4*s. Let i be 15 - (s - (-1 + 6)). What is the greatest common factor of 130 and i?
10
Let q be 6 - (3/3 + -1). Suppose q = b - 9. Let g = -18296 + 18356. Calculate the highest common factor of b and g.
15
Let k(j) = -j**3 - 12*j**2 + 36*j + 595. Let y be k(-14). Let p be (0 - -12)*(-14)/(-8). What is the greatest common factor of p and y?
21
Let t be -6*7/21*-309*(-2)/(-6). Calculate the greatest common factor of 10 and t.
2
Let k be (1 - 0/(-3))/((-1)/(-5)). Suppose k*p = -25, -4*p = 2*g - 697 - 623. What is the highest common factor of g and 10?
10
Suppose -n = -5*z + 135, 4*z = 17*n - 21*n + 108. Suppose 0 = -5*r + 4*v + 183, 0 = -20*r + 21*r - 4*v - z. What is the highest common factor of 13 and r?
13
Suppose -4*b = -12, -144 = -15*j + 12*j - 3*b. Let a(v) = -98*v + 7. Let d be a(-1). What is the highest common factor of j and d?
15
Suppose -5*o + 35 = 0, 122*l + 3368 = 125*l + 2*o. What is the greatest common divisor of 1376 and l?
86
Let s = 13 + 3. Let n be (-1 + 1)*((-93)/12 - -8). Suppose n = 2*k - 7*k - j + 639, 0 = -k + 3*j + 131. What is the highest common factor of k and s?
16
Suppose 197 + 22 = 4*v + 3*r, -2*v + 105 = 3*r. Let u(w) = -11*w + 5*w + 19 + 5*w - w**2. Let q be u(0). What is the highest common divisor of v and q?
19
Let p(f) = -f**3 - 21*f**2 + 45*f + 39. Let r be p(-23). Suppose o + 57 - 274 = 0. Calculate the highest common divisor of r and o.
31
Let w = -1875 + 1886. What is the greatest common divisor of 176 and w?
11
Let i = -132 + 200. Let l be -4 + (3 - -1) + -40. Let m = l + i. What is the greatest common factor of 7 and m?
7
Suppose -4*o + 0*o + 456 = 2*v, 2*v = -5*o + 451. Let w = 4622 + -4554. Calculate the highest common divisor of w and v.
34
Let v be ((-28730)/52)/(25/(-60)). Calculate the greatest common factor of 234 and v.
78
Let v(z) = 4*z**2 - 51*z - 234. Let y be v(-6). Calculate the greatest common factor of y and 144.
72
Suppose 3*l + 0*l - 28821 + 4404 = 0. What is the highest common divisor of l and 3?
3
Let g be ((-68)/8)/((-2)/28). Let n(j) = 192*j + 435. Let l be n(-2). Calculate the highest common divisor of l and g.
17
Let m = 106 - 54. S